[INFO] cloning repository https://github.com/arttatum/basic_web_server
[INFO] running `Command { std: "git" "-c" "credential.helper=" "-c" "credential.helper=/workspace/cargo-home/bin/git-credential-null" "clone" "--bare" "https://github.com/arttatum/basic_web_server" "/workspace/cache/git-repos/https%3A%2F%2Fgithub.com%2Farttatum%2Fbasic_web_server", kill_on_drop: false }`
[INFO] [stderr] Cloning into bare repository '/workspace/cache/git-repos/https%3A%2F%2Fgithub.com%2Farttatum%2Fbasic_web_server'...
[INFO] running `Command { std: "git" "rev-parse" "HEAD", kill_on_drop: false }`
[INFO] [stdout] 54a8bf4ab2aa9f55876631a71962995c88b514bc
[INFO] checking arttatum/basic_web_server against master#e6e4f7ed1589e03bc2f6c5931c1a72e7947e8682 for beta-170-4
[INFO] running `Command { std: "git" "clone" "/workspace/cache/git-repos/https%3A%2F%2Fgithub.com%2Farttatum%2Fbasic_web_server" "/workspace/builds/worker-0-tc2/source", kill_on_drop: false }`
[INFO] [stderr] Cloning into '/workspace/builds/worker-0-tc2/source'...
[INFO] [stderr] done.
[INFO] validating manifest of git repo https://github.com/arttatum/basic_web_server on toolchain e6e4f7ed1589e03bc2f6c5931c1a72e7947e8682
[INFO] running `Command { std: CARGO_HOME="/workspace/cargo-home" RUSTUP_HOME="/workspace/rustup-home" "/workspace/cargo-home/bin/cargo" "+e6e4f7ed1589e03bc2f6c5931c1a72e7947e8682" "metadata" "--manifest-path" "Cargo.toml" "--no-deps", kill_on_drop: false }`
[INFO] started tweaking git repo https://github.com/arttatum/basic_web_server
[INFO] finished tweaking git repo https://github.com/arttatum/basic_web_server
[INFO] tweaked toml for git repo https://github.com/arttatum/basic_web_server written to /workspace/builds/worker-0-tc2/source/Cargo.toml
[INFO] crate git repo https://github.com/arttatum/basic_web_server already has a lockfile, it will not be regenerated
[INFO] running `Command { std: CARGO_HOME="/workspace/cargo-home" RUSTUP_HOME="/workspace/rustup-home" "/workspace/cargo-home/bin/cargo" "+e6e4f7ed1589e03bc2f6c5931c1a72e7947e8682" "fetch" "--manifest-path" "Cargo.toml", kill_on_drop: false }`
[INFO] running `Command { std: "docker" "create" "-v" "/var/lib/crater-agent-workspace/builds/worker-0-tc2/target:/opt/rustwide/target:rw,Z" "-v" "/var/lib/crater-agent-workspace/builds/worker-0-tc2/source:/opt/rustwide/workdir:ro,Z" "-v" "/var/lib/crater-agent-workspace/cargo-home:/opt/rustwide/cargo-home:ro,Z" "-v" "/var/lib/crater-agent-workspace/rustup-home:/opt/rustwide/rustup-home:ro,Z" "-e" "SOURCE_DIR=/opt/rustwide/workdir" "-e" "CARGO_TARGET_DIR=/opt/rustwide/target" "-e" "CARGO_HOME=/opt/rustwide/cargo-home" "-e" "RUSTUP_HOME=/opt/rustwide/rustup-home" "-w" "/opt/rustwide/workdir" "-m" "1610612736" "--user" "0:0" "--network" "none" "ghcr.io/rust-lang/crates-build-env/linux@sha256:19e73879b68f455e41552ea35293514db52ea292d993f571636dbffedb77a1ee" "/opt/rustwide/cargo-home/bin/cargo" "+e6e4f7ed1589e03bc2f6c5931c1a72e7947e8682" "metadata" "--no-deps" "--format-version=1", kill_on_drop: false }`
[INFO] [stdout] 993e221ee2c4829bb2037f0d8daf7c7f3d0aa32488857e294bd9b6860bf97e2c
[INFO] running `Command { std: "docker" "start" "-a" "993e221ee2c4829bb2037f0d8daf7c7f3d0aa32488857e294bd9b6860bf97e2c", kill_on_drop: false }`
[INFO] running `Command { std: "docker" "inspect" "993e221ee2c4829bb2037f0d8daf7c7f3d0aa32488857e294bd9b6860bf97e2c", kill_on_drop: false }`
[INFO] running `Command { std: "docker" "rm" "-f" "993e221ee2c4829bb2037f0d8daf7c7f3d0aa32488857e294bd9b6860bf97e2c", kill_on_drop: false }`
[INFO] [stdout] 993e221ee2c4829bb2037f0d8daf7c7f3d0aa32488857e294bd9b6860bf97e2c
[INFO] running `Command { std: "docker" "create" "-v" "/var/lib/crater-agent-workspace/builds/worker-0-tc2/target:/opt/rustwide/target:rw,Z" "-v" "/var/lib/crater-agent-workspace/builds/worker-0-tc2/source:/opt/rustwide/workdir:ro,Z" "-v" "/var/lib/crater-agent-workspace/cargo-home:/opt/rustwide/cargo-home:ro,Z" "-v" "/var/lib/crater-agent-workspace/rustup-home:/opt/rustwide/rustup-home:ro,Z" "-e" "SOURCE_DIR=/opt/rustwide/workdir" "-e" "CARGO_TARGET_DIR=/opt/rustwide/target" "-e" "CARGO_INCREMENTAL=0" "-e" "RUST_BACKTRACE=full" "-e" "RUSTFLAGS=--cap-lints=forbid" "-e" "RUSTDOCFLAGS=--cap-lints=forbid" "-e" "CARGO_HOME=/opt/rustwide/cargo-home" "-e" "RUSTUP_HOME=/opt/rustwide/rustup-home" "-w" "/opt/rustwide/workdir" "-m" "1610612736" "--user" "0:0" "--network" "none" "ghcr.io/rust-lang/crates-build-env/linux@sha256:19e73879b68f455e41552ea35293514db52ea292d993f571636dbffedb77a1ee" "/opt/rustwide/cargo-home/bin/cargo" "+e6e4f7ed1589e03bc2f6c5931c1a72e7947e8682" "check" "--frozen" "--all" "--all-targets" "--message-format=json", kill_on_drop: false }`
[INFO] [stdout] f4660233b24cc5c285a326dd5590aaf0d5fb7c45cec83fae53783e8bf47ce532
[INFO] running `Command { std: "docker" "start" "-a" "f4660233b24cc5c285a326dd5590aaf0d5fb7c45cec83fae53783e8bf47ce532", kill_on_drop: false }`
[INFO] [stderr]     Checking basic_web_server v0.1.0 (/opt/rustwide/workdir)
[INFO] [stdout] error[E0425]: cannot find value `buffer` in this scope
[INFO] [stdout]   --> src/main.rs:19:38
[INFO] [stdout]    |
[INFO] [stdout] 19 |     let (status_line, filename) = if buffer.starts_with(get) {
[INFO] [stdout]    |                                      ^^^^^^ not found in this scope
[INFO] [stdout] 
[INFO] [stdout] 
[INFO] [stdout] error[E0425]: cannot find value `buffer` in this scope
[INFO] [stdout]   --> src/main.rs:19:38
[INFO] [stdout]    |
[INFO] [stdout] 19 |     let (status_line, filename) = if buffer.starts_with(get) {
[INFO] [stdout]    |                                      ^^^^^^ not found in this scope
[INFO] [stdout] 
[INFO] [stdout] 
[INFO] [stdout] error[E0425]: cannot find value `get` in this scope
[INFO] [stdout]   --> src/main.rs:19:57
[INFO] [stdout]    |
[INFO] [stdout] 19 |     let (status_line, filename) = if buffer.starts_with(get) {
[INFO] [stdout]    |                                                         ^^^ not found in this scope
[INFO] [stdout] 
[INFO] [stdout] 
[INFO] [stdout] error[E0425]: cannot find value `get` in this scope
[INFO] [stdout]   --> src/main.rs:19:57
[INFO] [stdout]    |
[INFO] [stdout] 19 |     let (status_line, filename) = if buffer.starts_with(get) {
[INFO] [stdout]    |                                                         ^^^ not found in this scope
[INFO] [stdout] 
[INFO] [stdout] 
[INFO] [stdout] error: aborting due to 2 previous errors
[INFO] [stdout] 
[INFO] [stdout] 
[INFO] [stdout] For more information about this error, try `rustc --explain E0425`.
[INFO] [stdout] 
[INFO] [stdout] error: aborting due to 2 previous errors
[INFO] [stdout] 
[INFO] [stdout] 
[INFO] [stdout] For more information about this error, try `rustc --explain E0425`.
[INFO] [stdout] 
[INFO] [stderr] error: could not compile `basic_web_server` (bin "basic_web_server") due to 3 previous errors
[INFO] [stderr] warning: build failed, waiting for other jobs to finish...
[INFO] [stderr] error: could not compile `basic_web_server` (bin "basic_web_server" test) due to 3 previous errors
[INFO] running `Command { std: "docker" "inspect" "f4660233b24cc5c285a326dd5590aaf0d5fb7c45cec83fae53783e8bf47ce532", kill_on_drop: false }`
[INFO] running `Command { std: "docker" "rm" "-f" "f4660233b24cc5c285a326dd5590aaf0d5fb7c45cec83fae53783e8bf47ce532", kill_on_drop: false }`
[INFO] [stdout] f4660233b24cc5c285a326dd5590aaf0d5fb7c45cec83fae53783e8bf47ce532
